11, 31
Suppose -5*y + 3*v + 31 = -99, -y + 13 = 2*v. Suppose y*a = 26*a - 609. Let i = 390 - a. What are the prime factors of i?
11, 17
Let d be (1326/(-104))/(6/(-56)). Suppose 5*w + 3*o = 228, w - 67 = 3*o - 25. Suppose -2*v + d = -w. What are the prime factors of v?
2, 41
Let w be 3 - -375 - (-42)/(-6). Let k = w - 299. What are the prime factors of k?
2, 3
Let p(h) = 601*h + 893. What are the prime factors of p(12)?
5, 1621
Suppose -6*a = 15 - 39. What are the prime factors of 0*a/24 - -179?
179
Let v = 896 - -14640. List the prime factors of v.
2, 971
Suppose -103809 = -64*w + 53503. What are the prime factors of w?
2, 1229
Let b(u) = -2*u**3 - 154*u**2 - 109*u + 796. What are the prime factors of b(-79)?
3, 19, 67
Let n = -6518 - -10492. What are the prime factors of n?
2, 1987
Suppose -12*p - 13 = -61. Suppose 0 = 3*c, -5*q + 0*c + 2075 = p*c. What are the prime factors of q?
5, 83
Suppose 4*c - 76845 = l, 64*l - 57645 = -3*c + 61*l. List the prime factors of c.
2, 3, 1601
Suppose 0*p - 5*p + 3395 = 0. Suppose 380 = 3*j + 3*c - p, -4 = -2*c. List the prime factors of j.
3, 13
Let u be 20/25*(10 + -3 + 3). Suppose -u*a + 4*a = 0. Suppose a = -5*d - 220 + 775. List the prime factors of d.
3, 37
Let x = 15160 + -7228. List the prime factors of x.
2, 3, 661
Let c(a) = -2*a**3 - 5*a - 28. Let p be c(6). Let s = p + 695. List the prime factors of s.
5, 41
Let h be 1/(13 - (-1339)/(-104)). Let k be (524 + 2)/2 - 1. List the prime factors of k/h + 28/112.
3, 11
Suppose 12*o + 15024 = 3108. Let z = -572 - o. List the prime factors of z.
421
Suppose -8*t - 15*t + 687708 = 5*t. List the prime factors of t.
3, 2729
Let o(d) = 803*d**2 - 425*d + 4077. What are the prime factors of o(9)?
3, 5, 1451
Suppose 0 = -2*m - 3*i + 4753, -4*m + 4111 = -i - 5374. List the prime factors of m.
2, 593
Suppose 32*p - 4*k = 37*p - 8167, 0 = 2*p + 2*k - 3268. What are the prime factors of p?
7, 233
Let m(a) = -94*a**3 + 4*a**2 + 6*a + 5. Let l be m(-2). Let r = l - 474. What are the prime factors of r?
7, 41
Let z(w) = -2*w**2 + 42*w + 46. Let p be z(20). Let n = p - 86. Suppose n = 10*t - 497 - 923. List the prime factors of t.
2, 71
Let k be (18 - 6)*(-153)/36. Let c = 876 - k. List the prime factors of c.
3, 103
Suppose 4*f = -u + 53947, 6*f - 26956 = 4*f - 4*u. List the prime factors of f.
2, 3, 281
List the prime factors of (-761912)/(-20) - 1 - (-41)/(3485/34).
5, 19, 401
Let l(k) = k**2 - 4*k + 2. Let v be l(4). Let n(i) = 2*i - 1 - i**v - 19*i + 10*i. What are the prime factors of n(-3)?
11
Let r be -6*(-143)/(-26)*(-19)/3. Let y = -29 - -41. Let z = r - y. What are the prime factors of z?
197
Let q(c) = -c**3 - c**2 - c - 388. Let w be q(0). Let p be w/8*(-12)/3 - -1. List the prime factors of p/2 + (-1)/(-2).
2, 7
Let y be (-1 + 28)*1*(2 + -1). What are the prime factors of (y*3 - -1)*352/64?
11, 41
Let s = -75 + 79. Let o(g) = 29*g - 3. List the prime factors of o(s).
113
Let t be -2 - (-3 + -3) - 20/5. Suppose t = 4*g - 545 + 153. List the prime factors of g.
2, 7
Let z be (-8)/(-16) - 7/(-2). Let r(q) = 3*q + 1 + z + 2 + 5. What are the prime factors of r(10)?
2, 3, 7
Suppose 174*y - 171*y = 12. Suppose 0 = m + a - 1397, -4*a = -y*m - m + 7030. What are the prime factors of m?
2, 701
Let s(k) be the second derivative of k**5/20 + 5*k**4/4 - 7*k**3/3 - 3*k**2 + 77*k. What are the prime factors of s(-15)?
2, 3, 17
Suppose -2*n + 362481 = 5*u, 75800 = 3*u + 3*n - 141694. What are the prime factors of u?
3, 5, 179
Let v(u) = u + 11. Let w be v(18). Suppose -8*z = -w*z + 4788. What are the prime factors of z?
2, 3, 19
Let t(b) = -11*b - 12. Let q(w) = -5*w**2 - 16*w - 5*w**2 - w**3 + 5*w**2 + 2*w**3 + 8. Let k be q(7). What are the prime factors of t(k)?
2, 3
Let r be (-2)/((-2)/(-1*14)). Suppose 0 = -3*v + 147. Let f = v + r. What are the prime factors of f?
5, 7
Suppose -5*x = 17*i - 20*i - 7780, 2*x = 5*i + 3093. What are the prime factors of x?
1559
List the prime factors of (9910176/(-88))/(-3) + (49/11 - 5).
2, 137
Let m(l) = l**3 + 2*l - 19*l**2 - 7*l + 15*l**2 + 0*l**3. Let c be m(5). Let a = 228 - c. List the prime factors of a.
2, 3, 19
Let n(o) = -o**2 + 6*o + 9. Let r be n(7). Let q(k) = 3 + 4*k**2 - 11*k + 4 + k - r. List the prime factors of q(-4).
109
Suppose -1575 = 6*v + v. Let r be (-29)/(-9) - (-50)/v. Suppose -r*y - 2*y + 355 = 0. List the prime factors of y.
71
Suppose 13*q = 18*q. Suppose 0 - 25 = -5*t. Suppose -4*o + 6*i + 181 = i, -2*o + t*i + 83 = q. What are the prime factors of o?
7
Let d be 4/1*(-1)/((-8)/258). Let u(a) = -4 - 134*a - d*a - 4. List the prime factors of u(-1).
3, 5, 17
Let d be (-3)/(9 - 0)*(-10 - -13). Let w = 9 + d. Suppose -w*p + 3*p = -60. What are the prime factors of p?
2, 3
Suppose 52*m + 76582 = 54*m + 10*l, l - 76519 = -2*m. What are the prime factors of m?
2, 3, 797
Let s(a) = 13*a**2 - 41*a + 6159. What are the prime factors of s(75)?
3, 7, 19, 191
Suppose -5*n - 5*x = -3720, -2*n + 3*x - 2972 = -6*n. Suppose 6*g - 10*g = n. Let v = 284 + g. List the prime factors of v.
3, 11
Suppose 6*a - 7*a = t - 6191, 2*t + 30920 = 5*a. Suppose -17*s + 2773 = -a. List the prime factors of s.
17, 31
Suppose -2*b + 8 = -2. Suppose 0 = -b*d + w + 4*w - 10, w - 12 = -4*d. Suppose d*t - 270 = -4*t. List the prime factors of t.
3, 5
Let u(t) = 254*t**3 + 3*t**2 + 4*t - 10. What are the prime factors of u(2)?
2, 1021
Suppose d - p = 2, -2*d - 10 = -7*d + 4*p. Let s(x) = -2*x**2 - 10*x**2 - 2*x**d + 20 + 21*x - 7*x**2 + x**3. What are the prime factors of s(20)?
2, 5
Suppose -1170 - 805 = -5*t. Let l = 318 + t. What are the prime factors of l?
23, 31
List the prime factors of (86 + -82 - (-1 + -3221)) + 12/3.
2, 5, 17, 19
Let l = 16645 - 8126. What are the prime factors of l?
7, 1217
Suppose 5*m = -f + 2, 2*f - f = 5*m + 2. Suppose m = -2*g + 10. Suppose -5*d = 4*o - 96, 2*o + 6*d - g*d = 42. List the prime factors of o.
19
Suppose 12 = -4*n + 4. Let s = -3424 - -3329. List the prime factors of ((-76)/s)/(n/(-540)).
2, 3
Suppose 2*q - 4*r + 1522 = 0, 2*q + 816 = 5*r - 711. Let s = -310 - q. List the prime factors of s.
3, 7
Let a(h) = h**2 + 8*h + 2. Let j be a(-8). Suppose -j*r = 3*l - 241, 0 = -5*r + 9*r - 5*l - 493. List the prime factors of r.
2, 61
Suppose -2*b = 9 - 11. Let n be -3 + 7 - (b + -2). Suppose 0 = n*m - 4*h - h - 325, -307 = -5*m - 4*h. List the prime factors of m.
3, 7
What are the prime factors of 18416 + (-16)/(-4) - 0/2?
2, 3, 5, 307
Suppose 4 = -s, -10*t + 8*t - 2230 = -s. Let d = -622 - t. List the prime factors of d.
3, 5, 11
Let y(m) = -m**2 - 2*m + 3. Let t be y(-3). Suppose -12*g - 15 = -15*g, t = -4*b - 2*g + 2142. List the prime factors of b.
13, 41
Let x(c) = 143 - c**2 + 3*c - 51 + 79 - 13 + 69. Suppose 5*w = 2*w. List the prime factors of x(w).
227
Let d(b) = 1800*b**3 + 10*b**2 - 13*b + 12. What are the prime factors of d(3)?
3, 5407
Suppose 0 = -y + 5*y - 16. Suppose 2 = -y*n - 10. List the prime factors of (1164/(-18))/(2/n).
97
Let b be 24652/17 + 40/(-340). Suppose v - b = -2*o, -4*v - 2*o - 3*o + 5788 = 0. List the prime factors of v.
2, 7, 103
Let s = 5245 - 2188. List the prime factors of s.
3, 1019
Let k(u) be the third derivative of -u**4 - 20*u**3/3 - u**2. Let h(x) = -x**3 - 21*x**2 - 88*x + 3. Let p be h(-6). What are the prime factors of k(p)?
2, 11
Let k = 12787 - 8220. What are the prime factors of k?
4567
Suppose -16 = -2*h + 4. Let f be (-4)/8*h*4. Let s(t) = -2*t + 42. List the prime factors of s(f).
2, 41
Let c = -6751 - -10140. List the prime factors of c.
3389
Let n(f) = -3*f**3 - 5*f**2 - 12*f - 15. Let g(l) = -l**3 - 5*l**2 - 6*l - 6. Let x be g(-3). What are the prime factors of n(x)?
3, 5, 7
Let n(u) = 4*u**3 + 22*u**2 - 9*u - 4. List the prime factors of n(8).
2, 5, 13
Let s be ((-2)/(-9) - 112/180)*-5. List the prime factors of -34*(-77)/28*s.
11, 17
Let q(j) = 1 - j - 6 + 4*j - 4*j. Let u be q(-8). Suppose -2*z - u*z = -35. What are the prime factors of z?
7
Let d be (-4)/6*(-3)/(-4)*-8. Suppose d*v - 10*v + 294 = 0. What are the prime factors of v?
7
Let p(a) = a**3 - 21*a**2 - a + 27. Let v be p(21). What are the prime factors of (5/10)/(-1*v/(-1308))?
109
Let c(k) = 122*k**2. Let n be c(-1). Let y = n - -65. What are the prime factors of y?
11, 17
Let h(r)